{"id":254,"date":"2019-09-29T18:22:37","date_gmt":"2019-09-29T16:22:37","guid":{"rendered":"http:\/\/teqivla.cluster020.hosting.ovh.net\/?page_id=254"},"modified":"2020-06-05T15:22:27","modified_gmt":"2020-06-05T13:22:27","slug":"facteurs-humains","status":"publish","type":"page","link":"https:\/\/www.ulmfourques.fr\/index.php\/page-d-exemple\/facteurs-humains\/","title":{"rendered":"Facteurs humains"},"content":{"rendered":"\n<div class=\"wp-block-image\"><figure class=\"aligncenter is-resized\"><img loading=\"lazy\" decoding=\"async\" src=\"https:\/\/www.ulmfourques.fr\/wp-content\/uploads\/2019\/06\/banusr.jpg\" alt=\"\" class=\"wp-image-8\" width=\"989\" height=\"148\" srcset=\"https:\/\/www.ulmfourques.fr\/wp-content\/uploads\/2019\/06\/banusr.jpg 800w, https:\/\/www.ulmfourques.fr\/wp-content\/uploads\/2019\/06\/banusr-300x45.jpg 300w, https:\/\/www.ulmfourques.fr\/wp-content\/uploads\/2019\/06\/banusr-768x115.jpg 768w\" sizes=\"auto, (max-width: 767px) 89vw, (max-width: 1000px) 54vw, (max-width: 1071px) 543px, 580px\" \/><\/figure><\/div>\n\n\n\n<p><strong>Pour suivre les formations au travail a\u00e9rien, il faut d&rsquo;abord suivre une journ\u00e9e&nbsp; de formation aux \u00ab\u00a0Facteurs Humains\u00a0\u00bb. Cette formation est assur\u00e9e par notre \u00e9quipe et co\u00fbte 180 \u20ac.<\/strong><\/p>\n\n\n\n<h3 class=\"has-text-align-center wp-block-heading\"><strong>Calendrier<\/strong><\/h3>\n\n\n\n<hr class=\"wp-block-separator\"\/>\n\n\n\n<p><strong>Nous consulter.<\/strong><\/p>\n\n\n\n<h4 class=\"has-text-align-center wp-block-heading\"><strong>\u00c9cole labellis\u00e9e<\/strong><\/h4>\n\n\n\n<div class=\"wp-block-image\"><figure class=\"aligncenter\"><img loading=\"lazy\" decoding=\"async\" width=\"600\" height=\"100\" src=\"https:\/\/www.ulmfourques.fr\/wp-content\/uploads\/2019\/06\/bv000005.jpg\" alt=\"\" class=\"wp-image-13\" srcset=\"https:\/\/www.ulmfourques.fr\/wp-content\/uploads\/2019\/06\/bv000005.jpg 600w, https:\/\/www.ulmfourques.fr\/wp-content\/uploads\/2019\/06\/bv000005-300x50.jpg 300w\" sizes=\"auto, (max-width: 600px) 100vw, 600px\" \/><\/figure><\/div>\n","protected":false},"excerpt":{"rendered":"<p>Pour suivre les formations au travail a\u00e9rien, il faut d&rsquo;abord suivre une journ\u00e9e&nbsp; de formation aux \u00ab\u00a0Facteurs Humains\u00a0\u00bb. Cette formation est assur\u00e9e par notre \u00e9quipe et co\u00fbte 180 \u20ac. Calendrier Nous consulter. \u00c9cole labellis\u00e9e<\/p>\n","protected":false},"author":2,"featured_media":0,"parent":2,"menu_order":5,"comment_status":"closed","ping_status":"closed","template":"","meta":{"footnotes":""},"class_list":["post-254","page","type-page","status-publish","hentry"],"_links":{"self":[{"href":"https:\/\/www.ulmfourques.fr\/index.php\/wp-json\/wp\/v2\/pages\/254","targetHints":{"allow":["GET"]}}],"collection":[{"href":"https:\/\/www.ulmfourques.fr\/index.php\/wp-json\/wp\/v2\/pages"}],"about":[{"href":"https:\/\/www.ulmfourques.fr\/index.php\/wp-json\/wp\/v2\/types\/page"}],"author":[{"embeddable":true,"href":"https:\/\/www.ulmfourques.fr\/index.php\/wp-json\/wp\/v2\/users\/2"}],"replies":[{"embeddable":true,"href":"https:\/\/www.ulmfourques.fr\/index.php\/wp-json\/wp\/v2\/comments?post=254"}],"version-history":[{"count":9,"href":"https:\/\/www.ulmfourques.fr\/index.php\/wp-json\/wp\/v2\/pages\/254\/revisions"}],"predecessor-version":[{"id":861,"href":"https:\/\/www.ulmfourques.fr\/index.php\/wp-json\/wp\/v2\/pages\/254\/revisions\/861"}],"up":[{"embeddable":true,"href":"https:\/\/www.ulmfourques.fr\/index.php\/wp-json\/wp\/v2\/pages\/2"}],"wp:attachment":[{"href":"https:\/\/www.ulmfourques.fr\/index.php\/wp-json\/wp\/v2\/media?parent=254"}],"curies":[{"name":"wp","href":"https:\/\/api.w.org\/{rel}","templated":true}]}}

<div class="wp-block-image"><figure class="aligncenter is-resized"><img loading="lazy" decoding="async" src="https://www.ulmfourques.fr/wp-content/uploads/2019/06/banusr.jpg" alt="" class="wp-image-8" width="989" height="148" srcset="https://www.ulmfourques.fr/wp-content/uploads/2019/06/banusr.jpg 800w, https://www.ulmfourques.fr/wp-content/uploads/2019/06/banusr-300x45.jpg 300w, https://www.ulmfourques.fr/wp-content/uploads/2019/06/banusr-768x115.jpg 768w" sizes="auto, (max-width: 767px) 89vw, (max-width: 1000px) 54vw, (max-width: 1071px) 543px, 580px" /></figure></div>



<p><strong>Pour suivre les formations au travail aérien, il faut d&rsquo;abord suivre une journée&nbsp; de formation aux « Facteurs Humains ». Cette formation est assurée par notre équipe et coûte 180 €.</strong></p>



<h3 class="has-text-align-center wp-block-heading"><strong>Calendrier</strong></h3>



<hr class="wp-block-separator"/>



<p><strong>Nous consulter.</strong></p>



<h4 class="has-text-align-center wp-block-heading"><strong>École labellisée</strong></h4>



<div class="wp-block-image"><figure class="aligncenter"><img loading="lazy" decoding="async" width="600" height="100" src="https://www.ulmfourques.fr/wp-content/uploads/2019/06/bv000005.jpg" alt="" class="wp-image-13" srcset="https://www.ulmfourques.fr/wp-content/uploads/2019/06/bv000005.jpg 600w, https://www.ulmfourques.fr/wp-content/uploads/2019/06/bv000005-300x50.jpg 300w" sizes="auto, (max-width: 600px) 100vw, 600px" /></figure></div>

<p>Pour suivre les formations au travail aérien, il faut d&rsquo;abord suivre une journée&nbsp; de formation aux « Facteurs Humains ». Cette formation est assurée par notre équipe et coûte 180 €. Calendrier Nous consulter. École labellisée</p>
